 -5*x + 27 - 2 = 0. Suppose 5*s - 41 = -4*b, 0 = -x*s + 4*b + 35 + 14. Calculate the highest common divisor of 63 and s.
9
Suppose 0 = -3*i + 44 + 145. Calculate the greatest common factor of i and 63.
63
Let j = 105 - 40. Suppose 15 = 3*u - 3*b, 5*b - b = -20. Suppose u*q - 12 = -3*q, 112 = 4*w + 2*q. What is the greatest common factor of j and w?
13
Let h = -7 + 12. Suppose 47*j - 39*j - 440 = 0. Calculate the greatest common divisor of h and j.
5
Suppose 45 + 41 = -2*b. Let c = b - -60. What is the greatest common divisor of c and 153?
17
Let l = -7 + 33. Suppose 0 = -4*n - 3*k + 248, -2*n - 3*n + 337 = -3*k. Calculate the highest common divisor of n and l.
13
Let k(j) = 31*j - 240. Let n be k(9). What is the highest common factor of n and 3?
3
Suppose -4*c + 162 = -5*i - 40, -238 = -5*c - i. Let k = c + -27. Calculate the greatest common factor of k and 3.
3
Let y be -5 + ((-4)/(-10))/(70/21875). Calculate the highest common factor of y and 66.
6
Let r = 6 + -3. Let c(o) = 5*o - 14. Let q be c(r). Calculate the highest common divisor of q and 1.
1
Let g = -10 - -16. Let d = 15 - 15. Suppose d = 4*k - 3*k - 6. Calculate the highest common factor of g and k.
6
Suppose 8*v - 78 - 210 = 0. What is the greatest common factor of v and 36?
36
Let m be (-21)/(-3) + (13 - (-5 + -1)). Let u be -1 + 0 + 28/2. Calculate the highest common divisor of m and u.
13
Let s(k) be the first derivative of 19*k - 1 + 1 + 2*k**2 - k**2 - 2. Let y be s(-7). What is the highest common divisor of 5 and y?
5
Let w(l) = -19*l**2 - 2*l + 8. Let r(i) = i**2 - 1. Let h(c) = -6*r(c) - w(c). Let t be h(1). What is the greatest common factor of 39 and t?
13
Let n = 32 - 30. Suppose -4*k + 5*o = -0*o - 113, -4*o + n = k. Let q be 0/(-2) + 14*11. Calculate the greatest common divisor of q and k.
22
Let o(v) = 10*v**2 + 18*v - 5. Let a be o(-6). Calculate the highest common factor of 57 and a.
19
Let s = 474 + -338. Calculate the highest common factor of s and 68.
68
Let w be 8/6 - (-6592)/96. What is the greatest common divisor of 50 and w?
10
Let s = 565 + 2987. What is the highest common factor of 74 and s?
74
Suppose -10*a - 48 = -13*a. Calculate the highest common factor of a and 2.
2
Let x be 1 - (-6)/((-8)/(-4)). Suppose v = -d + 14, x*v + 16 = 2*d - 12. Calculate the highest common divisor of 126 and d.
14
Let w(p) = 29*p - 69. Let u be w(3). Calculate the greatest common divisor of 684 and u.
18
Let b be (-36)/(-3*4/12). Suppose 4*w - 4*h = -b, 2*w + h + 7 - 1 = 0. Let j be w*5/((-100)/588). What is the highest common factor of j and 21?
21
Suppose 1326 = -3*s - 0*s. Let y be s/(-4) - 11/22. Suppose 2*o + 2*b = -3*o + 48, -2*b = -3*o + 32. Calculate the greatest common factor of y and o.
10
Let m(j) = -15*j**3 + 10*j**2 - 6*j - 7. Let g be m(-2). Calculate the highest common divisor of g and 1265.
55
Suppose -w = -5*w - 52. Let g = w - -18. What is the greatest common factor of g and 2?
1
Suppose -4*j + 59 + 137 = 0. Let d(c) = -c**2 + 64*c + 13. Let g be d(61). What is the greatest common factor of j and g?
49
Let a = -31 - -12. Let c = 23 + a. Calculate the highest common factor of 32 and c.
4
Let r(i) = 15*i - 216. Let w be r(17). Calculate the highest common factor of w and 6.
3
Suppose 0 = -5*o - 2 + 32. Suppose -24 = -o*w + 30. Let x = 148 + -76. What is the highest common divisor of w and x?
9
Suppose 0 = 10*n - 8*n - 4. Suppose n*l - 399 = -4*j + 5*l, -4*j - 3*l = -393. Let u = j + 66. Calculate the highest common factor of u and 15.
15
Suppose 4*s - 24 = -q, s = -4*s. Let u = 81 - 36. Let i = -39 + u. What is the highest common divisor of i and q?
6
Let o(z) = z**3 - 16*z**2 + 20*z + 13. Let d = 71 + -56. Let i be o(d). What is the greatest common divisor of 220 and i?
44
Let x(y) = -y - 2. Let z be (-3)/4 + (-481)/52. Let h be x(z). Let k = -23 + 63. What is the greatest common divisor of k and h?
8
Suppose -2*f - 4*i + 0*i - 108 = 0, -2*f = i + 123. Let h be f + (-1)/(2/4). Let t be 11/3*h/(-2). Calculate the highest common factor of 11 and t.
11
Let n(k) = -k**3 - 7*k**2 + 14*k - 19. Let a be (21/(-14))/(1/6). Let w be n(a). Calculate the greatest common factor of w and 68.
17
Let p(m) = m**3 + 4*m**2 + 2*m + 4. Let i be p(-3). Suppose 5*b + 73 = 108. What is the greatest common divisor of i and b?
7
Let m be ((-12)/8)/(-1)*14. Let c(s) = 7*s + 7. Let a be c(2). What is the greatest common factor of a and m?
21
Let d(b) = -b**3 - 2*b**2 - 3*b. Let m be d(-2). Suppose -5 = 2*n - 9. Let a be 535/10 + n + (-6)/4. Calculate the greatest common factor of m and a.
6
Suppose -8*u + 475 + 317 = 0. What is the greatest common divisor of 55 and u?
11
Let q be (220/8)/11 - (-6)/4. Suppose 5*i - 4*v + 95 = v, 4*v = -20. Let m = i + 56. Calculate the greatest common factor of q and m.
4
Let v be 0 + 1 - (-8 - 2). Suppose 34 = -4*g - 2*y, -3*g = 5*y + 21 + 22. Let k = 16 - g. What is the greatest common divisor of k and v?
11
Let a be (-2 + 3)/((-2)/(-2492)). What is the greatest common factor of 89 and a?
89
Let k be (2 - (-4 - -3)) + -1. Let c = 14 - k. Calculate the greatest common divisor of 96 and c.
12
Let l(d) = -2*d**3 - 5*d**2 - 4*d + 6. Let r be l(-4). Suppose -4*y + 2*s + r = 0, 2*s - s - 3 = 0. What is the greatest common divisor of y and 95?
19
Suppose 3*n = -2*k + 7 + 12, -k = -4*n + 7. Suppose 0 - 20 = -4*u + n*d, -3*u = 3*d + 6. What is the highest common divisor of 10 and u?
2
Let t = 36 - 8. Let y(a) = -a**2 - 13*a + 12. Suppose -10 + 70 = -6*z. Let g be y(z). What is the highest common divisor of g and t?
14
Let s(o) = -o**2 + 7*o + 9. Let h(w) = 8*w - 1. Let p be h(1). Let a be s(p). Let l be (-3)/a - 796/(-12). What is the highest common divisor of l and 6?
6
Let n(o) = -17*o - 76. Let u be n(-19). Calculate the highest common factor of 13 and u.
13
Let s = -1099 - -1144. What is the highest common divisor of s and 375?
15
Suppose -6*m + 40 = -2*m. Suppose m*b - 9*b - 95 = 0. Let o(h) = -h**2 + 14*h - 7. Let c be o(9). Calculate the highest common factor of c and b.
19
Let d = 4 + -4. Let u be (1 - d)/((-1)/5). Let t = u - -31. Calculate the highest common factor of t and 39.
13
Let i(w) = -w - 3. Let s be i(-6). Suppose -2*n = 3*a - 4*n - 55, 2*a - 15 = -3*n. What is the highest common factor of a and s?
3
Let q(a) = -a**3 + 12*a**2 + 11*a + 19. Let o be q(13). Let p be (-4)/o + (-1378)/(-14). What is the greatest common divisor of p and 33?
33
Let l(q) = -56*q**3 + 4*q**2 + q - 6. Let d be l(2). Let f = -156 - d. Calculate the greatest common divisor of f and 40.
40
Suppose -4*j = -3*r + 560, 7*r - 10*r = -2*j - 550. Calculate the greatest common factor of r and 24.
12
Suppose -4*n + 3*q + 93 = 0, -n + 4*q + 23 = 3*q. Let f be (15/12)/(2/n). Calculate the highest common factor of f and 10.
5
Let t(g) = -g**3 + 4*g**2 + g - 1. Let k be t(4). Suppose -k*r + 4*r = 2*q - 232, 348 = 3*q - 2*r. What is the greatest common factor of 29 and q?
29
Let k be 1/1 + 57 + 2. Let r(v) = -v + 5. Suppose -5*i - 6 - 29 = 0. Let p be r(i). What is the highest common factor of p and k?
12
Let r be (-6)/(-4)*(5 - 3). Suppose r*v = 253 + 209. Let l be v/3 + 4/(-12). Calculate the greatest common factor of 17 and l.
17
Suppose 1076 = 4*m + 4*z, -2*z + 1354 = -37*m + 42*m. Calculate the highest common factor of m and 16.
16
Let i(t) = 2*t**2 - 8*t + 22. Let c be i(5). Let y(f) = 11*f**2 - 14*f + 7. Let v be y(3). What is the highest common factor of c and v?
32
Let c(i) = -22*i + 13. Let x be c(-6). Let j = 41 - 14. Let g be (0 - (j - -2))/(-1). What is the greatest common divisor of g and x?
29
Let h be (12 + -3 - -9)*11. Calculate the highest common divisor of 22 and h.
22
Suppose -3*y + 3*t = -75, -4*y = -0*t + 5*t - 64. Suppose -68*p = -3577 - 6419. What is the highest common factor of y and p?
21
Let j(h) = 2*h**3 + 9*h**2 + 2*h - 1. Let z(o) = o**3 + o**2 + o + 1. Let a(f) = -j(f) + 3*z(f). Let v be a(6). What is the highest common factor of 80 and v?
10
Suppose 4*p - 6 = -3*i, 4*p + 2*i - 4 = -0. Suppose -g + p = -6. Let n be 102/5 + g/(-15). Calculate the highest common divisor of 80 and n.
20
Suppose -k = -0*k - 4*s - 18, 0 = 4*k - 4*s - 48. Suppose k*q - 140 = 5*q. Let g = -105 + 147. What is the highest common divisor of g and q?
14
Let y = 45 + -4. Supp